 divided by z.
26
Let j(u) = -u**2 + 4. What is the remainder when 14 is divided by j(0)?
2
Let g(f) = 35*f**3 - 2*f**2 + f. Let v(k) = k**3 + 5*k**2 + 5*k + 5. Let t = -5 + 1. Let a be v(t). What is the remainder when g(a) is divided by 12?
10
Let o = 15 - 10. Suppose -o*w + 24 + 11 = 0. Let q = -11 + 24. Calculate the remainder when q is divided by w.
6
Let o(t) = -t**2 + 8*t - 3. Let r = 163 + -153. What is the remainder when r is divided by o(7)?
2
Suppose -5*z = -0*g - 4*g + 185, -3*z + 105 = 3*g. Suppose f = 3*f - g. What is the remainder when 39 is divided by f?
19
Calculate the remainder when 80 is divided by 45/5*(-3 + 6).
26
Let m = -9 + 11. Calculate the remainder when 3 is divided by m.
1
Let k(x) = x**3 + 18*x**2 - 23*x - 33. What is the remainder when k(-19) is divided by 12?
7
Let m = -9 - -44. What is the remainder when m is divided by 12?
11
Suppose 22 = 3*f - 26. Calculate the remainder when 59 is divided by f.
11
Let t = 9 - 7. Suppose -2*w + t*y - 5*y = -4, -3*y - 12 = 0. Calculate the remainder when 22 is divided by w.
6
Let l(x) = -x**2 - 12*x + 5. Let i be l(-12). Suppose 5*c + 1 = -3*g, c - 19 = -i*g + 16. Suppose -3*u + 8 = -1. Calculate the remainder when g is divided by u.
2
Let s be 3/(-6)*2*-13. Let o = s - 7. Suppose 5*q = 2*q + 12. What is the remainder when o is divided by q?
2
Suppose 5*r = -4*f + 71 - 15, f + 5*r = 29. What is the remainder when f is divided by 5?
4
Let x be ((-153)/6)/((-1)/(-2)). Let k = x - -84. Suppose 0*r + 57 = 5*z - 4*r, 5*r = 2*z - k. Calculate the remainder when 16 is divided by z.
7
Let q be ((-1)/3)/((-2)/24). Suppose -q*k - 3*o = -53, -3*k + 0*o + 3*o + 24 = 0. Calculate the remainder when k is divided by 6.
5
Let d be (-3 - (-8 + 2))*1. Suppose -t = d*t - 40. What is the remainder when 58/3 - 1/3 is divided by t?
9
Suppose 19*x = 22*x - 114. Let o be -2 - (-1 + 81/(-1)). Suppose -y + 5*y - o = 0. Calculate the remainder when x is divided by y.
18
Let j(a) = -a**2 - 2*a. Let v be j(-4). Let r = 7 + v. Let h(s) = -30*s**3 + s**2 + s + 1. What is the remainder when h(r) is divided by 11?
9
Let x = -18 + 27. What is the remainder when 15 is divided by x?
6
Let s = -29 - -37. What is the remainder when s is divided by 4?
0
Suppose 0 = 5*y - 338 - 52. Calculate the remainder when y is divided by 22.
12
Suppose 184 = 4*c - 2*c. Let p(f) = f**3 + 4*f**2 - 3*f + 3. What is the remainder when c/2 + (-13 - -11) is divided by p(-4)?
14
Suppose -3*j - 6 = -4*d, 0 = -j - 0*j - 3*d - 2. What is the remainder when 17 is divided by j/2 + (-10)/(-1)?
8
Let s = 67 - 38. Calculate the remainder when s is divided by 2/6 + 88/6.
14
Let g(t) = 3*t - 1. Let y be g(1). Suppose -b + 3 + 0 = 0, -d + 2*b = -y. What is the remainder when 23 is divided by d?
7
Let b be (-6)/(-1)*20/(-12). Let i = 5 - b. What is the remainder when i is divided by 9?
6
Suppose 2*j + 0*n + 5*n = 19, -2*n = -5*j + 4. Suppose -u + 0*u + 1 = 0. What is the remainder when 26 is divided by (-2)/j*u - -15?
12
Let v = -80 + 123. Suppose 2*u - 6*u = m - v, -u + 5*m + 37 = 0. Calculate the remainder when 70 is divided by u.
10
Suppose -m = 2*m + 4*r + 5, m - 5*r - 30 = 0. Let b(v) = v**2 - v + 171. Let s be b(0). Suppose -m*y + s = -89. What is the remainder when y is divided by 18?
16
Suppose -d = 4*d - 45. Suppose -5*s = -3*z + 9, -2*z = -4*s + z - d. Suppose -o + 42 - 14 = s. Calculate the remainder when o is divided by 10.
8
Suppose -105 = -2*d - 3*d. Suppose 2 = b - 1. Suppose -4*l - 5 = s, -s = -b*s + 4*l + 38. What is the remainder when d is divided by s?
10
Suppose -6*u + 97 = 3*h - u, 3*h + 3*u = 93. Let w(t) = -t**3 - 10*t**2 + 2*t + 14. What is the remainder when w(-11) is divided by h?
26
Let r(j) = 3*j - 4. Suppose 5*g + 16 = -4*a + 3*a, 3*g - 4 = -4*a. What is the remainder when r(3) is divided by a?
1
Let u(l) = -l**2 - 5. Let k be u(0). Calculate the remainder when 95 is divided by (-21)/(-35) - 77/k.
15
What is the remainder when (-134)/((-3)/(20/(-8) + 4)) is divided by 17?
16
Let b = 59 + -39. Let f(h) = -27*h**3 - h**2 - h. Let a be f(-1). Suppose -6*o - 4*j + a = -5*o, o - 12 = -j. What is the remainder when b is divided by o?
6
Let d(i) = 2*i**2 + 3*i - 4. Suppose 5*k + 0*k = -20. What is the remainder when d(k) is divided by ((-4)/10)/(2/(-30))?
4
Suppose 2*l + 20 = 7*l. Calculate the remainder when l is divided by 1.
0
Suppose 35 + 20 = 5*b. Let a = b - 5. Suppose 2*c = a*c - 84. Calculate the remainder when c is divided by 11.
10
Let k = 25 + -20. What is the remainder when 10 is divided by k?
0
Suppose 0*n - n + 12 = 0. What is the remainder when n is divided by 2?
0
What is the remainder when 22 is divided by 5 + (1 - 1)/3?
2
What is the remainder when (-3514)/(-56) + (-6)/8 is divided by 32?
30
Let v(w) = -w**3 - 3*w**2 - 3*w - 1. What is the remainder when 22 is divided by v(-3)?
6
Calculate the remainder when 9 is divided by (10/(-1))/(5/(-2)).
1
Let w(r) = -r**2 - r + 1. Let v be w(-1). Calculate the remainder when v*(0 + 11)*3 is divided by 18.
15
Suppose q = 5*m - 60, 2*m - 1 = 4*q + 5. Calculate the remainder when m is divided by 1 + (-3)/1*-1.
1
Suppose -5*s = -18 - 2. Let f = -5 - -11. What is the remainder when f is divided by s?
2
Suppose -4*h + 1044 = -8*h + 2*t, 522 = -2*h + 2*t. Let b(y) = -y**2 - 9*y + 6. Let w be b(-9). Calculate the remainder when (-4)/w*h/6 is divided by 10.
9
Suppose 0 = 4*l + 81 - 241. Suppose 28 + 14 = 2*j. What is the remainder when l is divided by j?
19
Let w(p) = p**2 + 5*p + 4. Let u be w(-4). Suppose -4*v = -u*v - 480. Calculate the remainder when v/(-2)*(-18)/24 is divided by 12.
9
Let o(t) = 3*t**2 + 8*t + 12. Calculate the remainder when o(-5) is divided by 13.
8
Suppose -4*z - 2*r = -4, 3*r + 4 = z + 3. Let m be -3 + z + 0 + -2. Let o = 2 - m. What is the remainder when 9 is divided by o?
3
Suppose -x = -2*x + 5. Let t = -54 - -27. Let u = 40 + t. Calculate the remainder when u is divided by x.
3
Suppose 3*u - 2*b - 37 = 0, -3*b = -u - 0 + 24. What is the remainder when u is divided by 4?
1
Let v(f) = 3*f**2 + 4*f - 3. Let s(c) = -c**2 - 2*c + 1. Let n(x) = 5*s(x) + 2*v(x). Let a = 0 + -2. Calculate the remainder when 12 is divided by n(a).
5
Suppose -2*o - 70 = -7*o. Suppose 4*h = 638 - 82. Suppose 4*i = 5*j + h, -4*i = -j + 5*j - 184. What is the remainder when i is divided by o?
13
Let w = 9 + -4. Suppose 0*d = -w*d + 10. Let m(o) = 3*o**2 + 3*o - 1. What is the remainder when m(d) is divided by 9?
8
Let r = -2 + 4. Suppose -12 = -5*g + r*w, -12 - 4 = -5*g + w. Calculate the remainder when 10 is divided by g.
2
Let d be 15/(-21) + (-6)/21. Let k be 1 - (0 - d)*-1. What is the remainder when 5 is divided by k/2 + (0 - -1)?
1
Let d(a) = 5*a**2 + a - 3. What is the remainder when (-404)/(-10) + (-27)/(-45) is divided by d(-2)?
11
Let g(a) = -a**2 - 11*a + 8. Let c be g(-7). Suppose -v - 4*v = -2*t - 38, 3*t = 4*v - c. What is the remainder when v is divided by 3?
0
Let l(a) = -a + 1. Let q be l(6). Let u = -2 - q. Suppose -x - 16 = -u*x. Calculate the remainder when 22 is divided by x.
6
Suppose 7*i + 282 = 10*i. What is the remainder when i is divided by 32?
30
Suppose 3*i = -i + 24. What is the remainder when 17 is divided by i?
5
Suppose 0 = 3*w - 3*o - 18, 3*w - 18 = -2*w + o. Calculate the remainder when 10 is divided by w.
1
Let p be 58/(-4) + 2/(-4). Let l = -6 - p. What is the remainder when 26 is divided by l?
8
Suppose 0 = -3*u - 2*v + 10, -5*u - 3*v = 2*v - 10. Let d = u + -4. Suppose d*s - 20 = -2*s. Calculate the remainder when 13 is divided by s.
3
Let g(y) = y - 5. Let w be g(4). Suppose -29 = -3*a - 23. What is the remainder when a is divided by (0 - w)*(2 - 1)?
0
Let v be 9/6*(-492)/(-9). Suppose -v = -4*z - 14. What is the remainder when 65 is divided by z?
14
Let p = 5 - 5. Suppose -y + 16 + 8 = p. Suppose -8 = 5*d - 73. What is the remainder when y is divided by d?
11
Let c = 261 - 139. What is the remainder when c is divided by 31?
29
Suppose -61 = -3*n - 4*p, -2*p - 6 = 4. Calculate the remainder when n is divided by 7.
6
Let g(z) = z**2 + 6*z + 4. Let i be g(-7). Suppose -5*k + i = -34. What is the remainder when ((-320)/50)/((-2)/5) is divided by k?
7
Calculate the remainder when (80 - 1)*(-1 - -2) is divided by 27.
25
Suppose h = -2*g +